{"id":5844,"date":"2022-07-31T23:44:14","date_gmt":"2022-07-31T23:44:14","guid":{"rendered":"https:\/\/diazduran.com\/?page_id=5844"},"modified":"2022-09-07T20:38:12","modified_gmt":"2022-09-07T20:38:12","slug":"blog","status":"publish","type":"page","link":"https:\/\/diazduran.com\/servicios-legales\/blog\/","title":{"rendered":"BLOG"},"content":{"rendered":"\t\t<div data-elementor-type=\"wp-page\" data-elementor-id=\"5844\" class=\"elementor elementor-5844\" data-elementor-post-type=\"page\">\n\t\t\t\t\t\t<section class=\"elementor-section elementor-top-section elementor-element elementor-element-3c288d68 elementor-section-height-min-height elementor-section-full_width elementor-section-height-default elementor-section-items-middle\" data-id=\"3c288d68\" data-element_type=\"section\" data-settings=\"{&quot;background_background&quot;:&quot;classic&quot;}\">\n\t\t\t\t\t\t\t<div class=\"elementor-background-overlay\"><\/div>\n\t\t\t\t\t\t\t<div class=\"elementor-container elementor-column-gap-no\">\n\t\t\t\t\t<div class=\"elementor-column elementor-col-100 elementor-top-column elementor-element elementor-element-4978ba40\" data-id=\"4978ba40\" data-element_type=\"column\">\n\t\t\t<div class=\"elementor-widget-wrap elementor-element-populated\">\n\t\t\t\t\t\t\t<\/div>\n\t\t<\/div>\n\t\t\t\t\t<\/div>\n\t\t<\/section>\n\t\t\t\t<section class=\"elementor-section elementor-top-section elementor-element elementor-element-fd56c82 elementor-section-stretched elementor-section-content-middle elementor-section-boxed elementor-section-height-default elementor-section-height-default\" data-id=\"fd56c82\" data-element_type=\"section\" data-settings=\"{&quot;stretch_section&quot;:&quot;section-stretched&quot;,&quot;background_background&quot;:&quot;gradient&quot;}\">\n\t\t\t\t\t\t<div class=\"elementor-container elementor-column-gap-default\">\n\t\t\t\t\t<div class=\"elementor-column elementor-col-100 elementor-top-column elementor-element elementor-element-6cdfe30\" data-id=\"6cdfe30\" data-element_type=\"column\">\n\t\t\t<div class=\"elementor-widget-wrap elementor-element-populated\">\n\t\t\t\t\t\t<div class=\"elementor-element elementor-element-8104a74 elementor-widget elementor-widget-text-editor\" data-id=\"8104a74\" data-element_type=\"widget\" data-widget_type=\"text-editor.default\">\n\t\t\t\t<div class=\"elementor-widget-container\">\n\t\t\t\t\t\t\t\t\t<p style=\"text-align: justify;\">Fundada en el a\u00f1o de 1990 en la Ciudad de Guatemala; D\u00edaz-Dur\u00e1n es una Firma de Abogados enfocada en el inter\u00e9s del cliente, la transparencia, el asesoramiento y la correcta resoluci\u00f3n de controversias legales en las distintas \u00e1reas del Derecho, tanto en jurisdicci\u00f3n nacional como internacional. El liderazgo de la Firma est\u00e1 basado en el valor que genera en<br \/>su equipo y por ende, los casos exitosos son producto de la preparaci\u00f3n, estrategia y talento.<\/p><p>D\u00edaz-Dur\u00e1n brinda servicios desde Guatemala para cualquier pa\u00eds de la regi\u00f3n centroamericana, Panam\u00e1, Colombia, M\u00e9xico y Estados Unidos.<span><br \/><\/span><\/p><p>Lee nuestras publicaciones.<\/p>\t\t\t\t\t\t\t\t<\/div>\n\t\t\t\t<\/div>\n\t\t\t\t<div class=\"elementor-element elementor-element-f22cd93 elementor-grid-3 elementor-grid-tablet-2 elementor-grid-mobile-1 elementor-posts--thumbnail-top elementor-posts--show-avatar elementor-card-shadow-yes elementor-posts__hover-gradient elementor-widget elementor-widget-posts\" data-id=\"f22cd93\" data-element_type=\"widget\" data-settings=\"{&quot;cards_columns&quot;:&quot;3&quot;,&quot;cards_columns_tablet&quot;:&quot;2&quot;,&quot;cards_columns_mobile&quot;:&quot;1&quot;,&quot;cards_row_gap&quot;:{&quot;unit&quot;:&quot;px&quot;,&quot;size&quot;:35,&quot;sizes&quot;:[]},&quot;cards_row_gap_tablet&quot;:{&quot;unit&quot;:&quot;px&quot;,&quot;size&quot;:&quot;&quot;,&quot;sizes&quot;:[]},&quot;cards_row_gap_mobile&quot;:{&quot;unit&quot;:&quot;px&quot;,&quot;size&quot;:&quot;&quot;,&quot;sizes&quot;:[]}}\" data-widget_type=\"posts.cards\">\n\t\t\t\t<div class=\"elementor-widget-container\">\n\t\t\t\t\t\t\t<div class=\"elementor-posts-container elementor-posts elementor-posts--skin-cards elementor-grid\">\n\t\t\t\t<article class=\"elementor-post elementor-grid-item post-6851 post type-post status-publish format-standard has-post-thumbnail hentry category-informacion\">\n\t\t\t<div class=\"elementor-post__card\">\n\t\t\t\t<a class=\"elementor-post__thumbnail__link\" href=\"https:\/\/diazduran.com\/servicios-legales\/2022\/09\/09\/firma-del-tratado-de-libre-comercio-guatemala-israel-se-abren-nuevas-oportunidades-para-guatemala\/\" tabindex=\"-1\" ><div class=\"elementor-post__thumbnail\"><img fetchpriority=\"high\" decoding=\"async\" width=\"300\" height=\"200\" src=\"https:\/\/diazduran.com\/servicios-legales\/wp-content\/uploads\/2022\/09\/TLC-300x200.jpg\" class=\"attachment-medium size-medium wp-image-6852\" alt=\"\" srcset=\"https:\/\/diazduran.com\/servicios-legales\/wp-content\/uploads\/2022\/09\/TLC-300x200.jpg 300w, https:\/\/diazduran.com\/servicios-legales\/wp-content\/uploads\/2022\/09\/TLC-1024x683.jpg 1024w, https:\/\/diazduran.com\/servicios-legales\/wp-content\/uploads\/2022\/09\/TLC-768x512.jpg 768w, https:\/\/diazduran.com\/servicios-legales\/wp-content\/uploads\/2022\/09\/TLC-1536x1024.jpg 1536w, https:\/\/diazduran.com\/servicios-legales\/wp-content\/uploads\/2022\/09\/TLC-480x320.jpg 480w\" sizes=\"(max-width: 300px) 100vw, 300px\" title=\"Two confident business man shaking hands during a meeting in the\" \/><\/div><\/a>\n\t\t\t\t<div class=\"elementor-post__badge\">Informaci\u00f3n<\/div>\n\t\t\t\t<div class=\"elementor-post__avatar\">\n\t\t\t<img alt='admin' src='https:\/\/secure.gravatar.com\/avatar\/217761165a60ae02d2aa16d0d4d0e8f291a6725cd1357f57f4693a693fb1c481?s=128&#038;d=mm&#038;r=g' srcset='https:\/\/secure.gravatar.com\/avatar\/217761165a60ae02d2aa16d0d4d0e8f291a6725cd1357f57f4693a693fb1c481?s=256&#038;d=mm&#038;r=g 2x' class='avatar avatar-128 photo' height='128' width='128' \/>\t\t<\/div>\n\t\t\t\t<div class=\"elementor-post__text\">\n\t\t\t\t<h3 class=\"elementor-post__title\">\n\t\t\t<a href=\"https:\/\/diazduran.com\/servicios-legales\/2022\/09\/09\/firma-del-tratado-de-libre-comercio-guatemala-israel-se-abren-nuevas-oportunidades-para-guatemala\/\" >\n\t\t\t\tFirma del Tratado de Libre Comercio Guatemala \u2013 Israel: Se abren nuevas oportunidades para Guatemala.\t\t\t<\/a>\n\t\t<\/h3>\n\t\t\t\t<div class=\"elementor-post__excerpt\">\n\t\t\t<p>La firma de esta ma\u00f1ana del Tratado de Libre Comercio &#8211; TLC &#8211; entre Guatemala e Israel concluyen con unas negociaciones que se iniciaron en<\/p>\n\t\t<\/div>\n\t\t\n\t\t<a class=\"elementor-post__read-more\" href=\"https:\/\/diazduran.com\/servicios-legales\/2022\/09\/09\/firma-del-tratado-de-libre-comercio-guatemala-israel-se-abren-nuevas-oportunidades-para-guatemala\/\" aria-label=\"Read more about Firma del Tratado de Libre Comercio Guatemala \u2013 Israel: Se abren nuevas oportunidades para Guatemala.\" tabindex=\"-1\" >\n\t\t\tLEER M\u00c1S \u00bb\t\t<\/a>\n\n\t\t\t\t<\/div>\n\t\t\t\t<div class=\"elementor-post__meta-data\">\n\t\t\t\t\t<span class=\"elementor-post-date\">\n\t\t\tseptiembre 9, 2022\t\t<\/span>\n\t\t\t\t<span class=\"elementor-post-avatar\">\n\t\t\tNo hay comentarios\t\t<\/span>\n\t\t\t\t<\/div>\n\t\t\t\t\t<\/div>\n\t\t<\/article>\n\t\t\t\t<article class=\"elementor-post elementor-grid-item post-2135 post type-post status-publish format-standard has-post-thumbnail hentry category-sin-categorizar\">\n\t\t\t<div class=\"elementor-post__card\">\n\t\t\t\t<a class=\"elementor-post__thumbnail__link\" href=\"https:\/\/diazduran.com\/servicios-legales\/2021\/01\/22\/colombia-y-guatemala\/\" tabindex=\"-1\" ><div class=\"elementor-post__thumbnail\"><img decoding=\"async\" width=\"300\" height=\"200\" src=\"https:\/\/diazduran.com\/servicios-legales\/wp-content\/uploads\/2021\/04\/gua-colom-300x200.png\" class=\"attachment-medium size-medium wp-image-2141\" alt=\"\" srcset=\"https:\/\/diazduran.com\/servicios-legales\/wp-content\/uploads\/2021\/04\/gua-colom-300x200.png 300w, https:\/\/diazduran.com\/servicios-legales\/wp-content\/uploads\/2021\/04\/gua-colom-480x320.png 480w, https:\/\/diazduran.com\/servicios-legales\/wp-content\/uploads\/2021\/04\/gua-colom.png 700w\" sizes=\"(max-width: 300px) 100vw, 300px\" title=\"gua-colom\" \/><\/div><\/a>\n\t\t\t\t<div class=\"elementor-post__badge\">Sin categorizar<\/div>\n\t\t\t\t<div class=\"elementor-post__avatar\">\n\t\t\t<img alt='admin' src='https:\/\/secure.gravatar.com\/avatar\/217761165a60ae02d2aa16d0d4d0e8f291a6725cd1357f57f4693a693fb1c481?s=128&#038;d=mm&#038;r=g' srcset='https:\/\/secure.gravatar.com\/avatar\/217761165a60ae02d2aa16d0d4d0e8f291a6725cd1357f57f4693a693fb1c481?s=256&#038;d=mm&#038;r=g 2x' class='avatar avatar-128 photo' height='128' width='128' \/>\t\t<\/div>\n\t\t\t\t<div class=\"elementor-post__text\">\n\t\t\t\t<h3 class=\"elementor-post__title\">\n\t\t\t<a href=\"https:\/\/diazduran.com\/servicios-legales\/2021\/01\/22\/colombia-y-guatemala\/\" >\n\t\t\t\tColombia y Guatemala\t\t\t<\/a>\n\t\t<\/h3>\n\t\t\t\t<div class=\"elementor-post__excerpt\">\n\t\t\t<p>Oportunidades poco exploradas del Tratado de Libre Comercio Por Stephanie Henao \u2013 Socia Colombia La relaci\u00f3n econ\u00f3mica entre Colombia y Centroam\u00e9rica siempre ha sido llamativa.<\/p>\n\t\t<\/div>\n\t\t\n\t\t<a class=\"elementor-post__read-more\" href=\"https:\/\/diazduran.com\/servicios-legales\/2021\/01\/22\/colombia-y-guatemala\/\" aria-label=\"Read more about Colombia y Guatemala\" tabindex=\"-1\" >\n\t\t\tLEER M\u00c1S \u00bb\t\t<\/a>\n\n\t\t\t\t<\/div>\n\t\t\t\t<div class=\"elementor-post__meta-data\">\n\t\t\t\t\t<span class=\"elementor-post-date\">\n\t\t\tenero 22, 2021\t\t<\/span>\n\t\t\t\t<span class=\"elementor-post-avatar\">\n\t\t\tNo hay comentarios\t\t<\/span>\n\t\t\t\t<\/div>\n\t\t\t\t\t<\/div>\n\t\t<\/article>\n\t\t\t\t<article class=\"elementor-post elementor-grid-item post-2147 post type-post status-publish format-standard has-post-thumbnail hentry category-sin-categorizar\">\n\t\t\t<div class=\"elementor-post__card\">\n\t\t\t\t<a class=\"elementor-post__thumbnail__link\" href=\"https:\/\/diazduran.com\/servicios-legales\/2021\/01\/20\/que-sigue\/\" tabindex=\"-1\" ><div class=\"elementor-post__thumbnail\"><img decoding=\"async\" width=\"300\" height=\"200\" src=\"https:\/\/diazduran.com\/servicios-legales\/wp-content\/uploads\/2021\/04\/que-sigue-300x200.png\" class=\"attachment-medium size-medium wp-image-2152\" alt=\"\" srcset=\"https:\/\/diazduran.com\/servicios-legales\/wp-content\/uploads\/2021\/04\/que-sigue-300x200.png 300w, https:\/\/diazduran.com\/servicios-legales\/wp-content\/uploads\/2021\/04\/que-sigue-480x320.png 480w, https:\/\/diazduran.com\/servicios-legales\/wp-content\/uploads\/2021\/04\/que-sigue.png 700w\" sizes=\"(max-width: 300px) 100vw, 300px\" title=\"que-sigue\" \/><\/div><\/a>\n\t\t\t\t<div class=\"elementor-post__badge\">Sin categorizar<\/div>\n\t\t\t\t<div class=\"elementor-post__avatar\">\n\t\t\t<img alt='admin' src='https:\/\/secure.gravatar.com\/avatar\/217761165a60ae02d2aa16d0d4d0e8f291a6725cd1357f57f4693a693fb1c481?s=128&#038;d=mm&#038;r=g' srcset='https:\/\/secure.gravatar.com\/avatar\/217761165a60ae02d2aa16d0d4d0e8f291a6725cd1357f57f4693a693fb1c481?s=256&#038;d=mm&#038;r=g 2x' class='avatar avatar-128 photo' height='128' width='128' \/>\t\t<\/div>\n\t\t\t\t<div class=\"elementor-post__text\">\n\t\t\t\t<h3 class=\"elementor-post__title\">\n\t\t\t<a href=\"https:\/\/diazduran.com\/servicios-legales\/2021\/01\/20\/que-sigue\/\" >\n\t\t\t\t\u00bfQu\u00e9 sigue?\t\t\t<\/a>\n\t\t<\/h3>\n\t\t\t\t<div class=\"elementor-post__excerpt\">\n\t\t\t<p>Alternativas para enfrentar el nuevo normal \u00abEl trabajo a tiempo parcial permite a un mayor n\u00famero de trabajadores incorporarse a la econom\u00eda formal al mismo<\/p>\n\t\t<\/div>\n\t\t\n\t\t<a class=\"elementor-post__read-more\" href=\"https:\/\/diazduran.com\/servicios-legales\/2021\/01\/20\/que-sigue\/\" aria-label=\"Read more about \u00bfQu\u00e9 sigue?\" tabindex=\"-1\" >\n\t\t\tLEER M\u00c1S \u00bb\t\t<\/a>\n\n\t\t\t\t<\/div>\n\t\t\t\t<div class=\"elementor-post__meta-data\">\n\t\t\t\t\t<span class=\"elementor-post-date\">\n\t\t\tenero 20, 2021\t\t<\/span>\n\t\t\t\t<span class=\"elementor-post-avatar\">\n\t\t\tNo hay comentarios\t\t<\/span>\n\t\t\t\t<\/div>\n\t\t\t\t\t<\/div>\n\t\t<\/article>\n\t\t\t\t<article class=\"elementor-post elementor-grid-item post-2164 post type-post status-publish format-standard has-post-thumbnail hentry category-sin-categorizar\">\n\t\t\t<div class=\"elementor-post__card\">\n\t\t\t\t<a class=\"elementor-post__thumbnail__link\" href=\"https:\/\/diazduran.com\/servicios-legales\/2020\/11\/18\/porque-es-importante-contar-con-una-ley-de-leasing\/\" tabindex=\"-1\" ><div class=\"elementor-post__thumbnail\"><img loading=\"lazy\" decoding=\"async\" width=\"300\" height=\"200\" src=\"https:\/\/diazduran.com\/servicios-legales\/wp-content\/uploads\/2021\/04\/leasing-5-300x200.jpg\" class=\"attachment-medium size-medium wp-image-2165\" alt=\"\" srcset=\"https:\/\/diazduran.com\/servicios-legales\/wp-content\/uploads\/2021\/04\/leasing-5-300x200.jpg 300w, https:\/\/diazduran.com\/servicios-legales\/wp-content\/uploads\/2021\/04\/leasing-5-480x320.jpg 480w, https:\/\/diazduran.com\/servicios-legales\/wp-content\/uploads\/2021\/04\/leasing-5.jpg 700w\" sizes=\"(max-width: 300px) 100vw, 300px\" title=\"leasing-5\" \/><\/div><\/a>\n\t\t\t\t<div class=\"elementor-post__badge\">Sin categorizar<\/div>\n\t\t\t\t<div class=\"elementor-post__avatar\">\n\t\t\t<img alt='admin' src='https:\/\/secure.gravatar.com\/avatar\/217761165a60ae02d2aa16d0d4d0e8f291a6725cd1357f57f4693a693fb1c481?s=128&#038;d=mm&#038;r=g' srcset='https:\/\/secure.gravatar.com\/avatar\/217761165a60ae02d2aa16d0d4d0e8f291a6725cd1357f57f4693a693fb1c481?s=256&#038;d=mm&#038;r=g 2x' class='avatar avatar-128 photo' height='128' width='128' \/>\t\t<\/div>\n\t\t\t\t<div class=\"elementor-post__text\">\n\t\t\t\t<h3 class=\"elementor-post__title\">\n\t\t\t<a href=\"https:\/\/diazduran.com\/servicios-legales\/2020\/11\/18\/porque-es-importante-contar-con-una-ley-de-leasing\/\" >\n\t\t\t\t\u00bf Porque es importante contar con una ley de leasing ?\t\t\t<\/a>\n\t\t<\/h3>\n\t\t\t\t<div class=\"elementor-post__excerpt\">\n\t\t\t<p>\u00bf Porque es importante contar con una ley de leasing ? Actualmente el proyecto de ley de Leasing n\u00famero 4896, est\u00e1 pendiente de la tercera<\/p>\n\t\t<\/div>\n\t\t\n\t\t<a class=\"elementor-post__read-more\" href=\"https:\/\/diazduran.com\/servicios-legales\/2020\/11\/18\/porque-es-importante-contar-con-una-ley-de-leasing\/\" aria-label=\"Read more about \u00bf Porque es importante contar con una ley de leasing ?\" tabindex=\"-1\" >\n\t\t\tLEER M\u00c1S \u00bb\t\t<\/a>\n\n\t\t\t\t<\/div>\n\t\t\t\t<div class=\"elementor-post__meta-data\">\n\t\t\t\t\t<span class=\"elementor-post-date\">\n\t\t\tnoviembre 18, 2020\t\t<\/span>\n\t\t\t\t<span class=\"elementor-post-avatar\">\n\t\t\tNo hay comentarios\t\t<\/span>\n\t\t\t\t<\/div>\n\t\t\t\t\t<\/div>\n\t\t<\/article>\n\t\t\t\t<article class=\"elementor-post elementor-grid-item post-2157 post type-post status-publish format-standard has-post-thumbnail hentry category-sin-categorizar\">\n\t\t\t<div class=\"elementor-post__card\">\n\t\t\t\t<a class=\"elementor-post__thumbnail__link\" href=\"https:\/\/diazduran.com\/servicios-legales\/2020\/11\/18\/insolvencia-y-reestructuraciones-de-deudas\/\" tabindex=\"-1\" ><div class=\"elementor-post__thumbnail\"><img loading=\"lazy\" decoding=\"async\" width=\"300\" height=\"200\" src=\"https:\/\/diazduran.com\/servicios-legales\/wp-content\/uploads\/2021\/04\/deud2-300x200.jpg\" class=\"attachment-medium size-medium wp-image-2158\" alt=\"\" srcset=\"https:\/\/diazduran.com\/servicios-legales\/wp-content\/uploads\/2021\/04\/deud2-300x200.jpg 300w, https:\/\/diazduran.com\/servicios-legales\/wp-content\/uploads\/2021\/04\/deud2-480x320.jpg 480w, https:\/\/diazduran.com\/servicios-legales\/wp-content\/uploads\/2021\/04\/deud2.jpg 700w\" sizes=\"(max-width: 300px) 100vw, 300px\" title=\"deud2\" \/><\/div><\/a>\n\t\t\t\t<div class=\"elementor-post__badge\">Sin categorizar<\/div>\n\t\t\t\t<div class=\"elementor-post__avatar\">\n\t\t\t<img alt='admin' src='https:\/\/secure.gravatar.com\/avatar\/217761165a60ae02d2aa16d0d4d0e8f291a6725cd1357f57f4693a693fb1c481?s=128&#038;d=mm&#038;r=g' srcset='https:\/\/secure.gravatar.com\/avatar\/217761165a60ae02d2aa16d0d4d0e8f291a6725cd1357f57f4693a693fb1c481?s=256&#038;d=mm&#038;r=g 2x' class='avatar avatar-128 photo' height='128' width='128' \/>\t\t<\/div>\n\t\t\t\t<div class=\"elementor-post__text\">\n\t\t\t\t<h3 class=\"elementor-post__title\">\n\t\t\t<a href=\"https:\/\/diazduran.com\/servicios-legales\/2020\/11\/18\/insolvencia-y-reestructuraciones-de-deudas\/\" >\n\t\t\t\tInsolvencia y reestructuraciones de deudas\t\t\t<\/a>\n\t\t<\/h3>\n\t\t\t\t<div class=\"elementor-post__excerpt\">\n\t\t\t<p>Herramientas para superar las dificultades provocadas por la crisis actual Por Carlos D\u00edaz-Dur\u00e1n M.| Director de \u00c1rea Corporativa Uno de los grandes temas que se<\/p>\n\t\t<\/div>\n\t\t\n\t\t<a class=\"elementor-post__read-more\" href=\"https:\/\/diazduran.com\/servicios-legales\/2020\/11\/18\/insolvencia-y-reestructuraciones-de-deudas\/\" aria-label=\"Read more about Insolvencia y reestructuraciones de deudas\" tabindex=\"-1\" >\n\t\t\tLEER M\u00c1S \u00bb\t\t<\/a>\n\n\t\t\t\t<\/div>\n\t\t\t\t<div class=\"elementor-post__meta-data\">\n\t\t\t\t\t<span class=\"elementor-post-date\">\n\t\t\tnoviembre 18, 2020\t\t<\/span>\n\t\t\t\t<span class=\"elementor-post-avatar\">\n\t\t\tNo hay comentarios\t\t<\/span>\n\t\t\t\t<\/div>\n\t\t\t\t\t<\/div>\n\t\t<\/article>\n\t\t\t\t<\/div>\n\t\t\n\t\t\t\t\t\t<\/div>\n\t\t\t\t<\/div>\n\t\t\t\t\t<\/div>\n\t\t<\/div>\n\t\t\t\t\t<\/div>\n\t\t<\/section>\n\t\t\t\t<\/div>\n\t\t","protected":false},"excerpt":{"rendered":"<p>Fundada en el a\u00f1o de 1990 en la Ciudad de Guatemala; D\u00edaz-Dur\u00e1n es una Firma de Abogados enfocada en el inter\u00e9s del cliente, la transparencia, el asesoramiento y la correcta resoluci\u00f3n de controversias legales en las distintas \u00e1reas del Derecho, tanto en jurisdicci\u00f3n nacional como internacional. El liderazgo de la Firma est\u00e1 basado en el [&hellip;]<\/p>\n","protected":false},"author":1,"featured_media":0,"parent":0,"menu_order":0,"comment_status":"closed","ping_status":"closed","template":"elementor_header_footer","meta":{"footnotes":""},"class_list":["post-5844","page","type-page","status-publish","hentry"],"_links":{"self":[{"href":"https:\/\/diazduran.com\/servicios-legales\/wp-json\/wp\/v2\/pages\/5844","targetHints":{"allow":["GET"]}}],"collection":[{"href":"https:\/\/diazduran.com\/servicios-legales\/wp-json\/wp\/v2\/pages"}],"about":[{"href":"https:\/\/diazduran.com\/servicios-legales\/wp-json\/wp\/v2\/types\/page"}],"author":[{"embeddable":true,"href":"https:\/\/diazduran.com\/servicios-legales\/wp-json\/wp\/v2\/users\/1"}],"replies":[{"embeddable":true,"href":"https:\/\/diazduran.com\/servicios-legales\/wp-json\/wp\/v2\/comments?post=5844"}],"version-history":[{"count":16,"href":"https:\/\/diazduran.com\/servicios-legales\/wp-json\/wp\/v2\/pages\/5844\/revisions"}],"predecessor-version":[{"id":6836,"href":"https:\/\/diazduran.com\/servicios-legales\/wp-json\/wp\/v2\/pages\/5844\/revisions\/6836"}],"wp:attachment":[{"href":"https:\/\/diazduran.com\/servicios-legales\/wp-json\/wp\/v2\/media?parent=5844"}],"curies":[{"name":"wp","href":"https:\/\/api.w.org\/{rel}","templated":true}]}}